 a factor of 375664?
True
Is 11 a factor of 122018?
False
Does 25 divide 548551?
False
Does 27 divide 494354?
False
Does 58 divide 5921220?
True
Does 11 divide 442641?
False
Does 258 divide 1394748?
True
Is 1063088 a multiple of 19?
True
Does 398 divide 267456?
True
Is 128115 a multiple of 14?
False
Is 16875 even?
False
Does 41 divide 85896?
False
Is 779 a factor of 2482934?
False
Does 13 divide 214830?
False
Is 435510 a multiple of 15?
True
Is 1663 a factor of 16841783?
False
Is 859049 a multiple of 69?
False
Does 50 divide 1053350?
True
Is 5750400 a multiple of 1920?
True
Is 165416 a multiple of 23?
True
Is 5051330 a multiple of 1091?
True
Is 224 a factor of 2748480?
True
Is 920 a factor of 10769520?
True
Does 139 divide 3033119?
True
Is 6080 a multiple of 40?
True
Does 23 divide 521382?
False
Is 35 a factor of 801206?
False
Is 2702 a factor of 20605468?
False
Is 211 a factor of 233155?
True
Does 11 divide 85547?
True
Is 46269 a multiple of 46?
False
Is 1178 a factor of 3035942?
False
Is 182 a factor of 141316?
False
Is 4240009 a multiple of 9?
False
Is 404992 a multiple of 25?
False
Does 3 divide 1587723?
True
Is 3 a factor of 1201574?
False
Is 16 a factor of 2236400?
True
Does 5 divide 40150?
True
Does 325 divide 19909189?
False
Is 833447 even?
False
Is 14920047 a multiple of 1053?
False
Is 815164 a multiple of 7?
True
Is 6309792 a multiple of 237?
False
Does 43 divide 64767?
False
Does 19 divide 722380?
True
Is 108 a factor of 530820?
True
Is 125 a factor of 564375?
True
Is 120 a factor of 728400?
True
Does 96 divide 76512?
True
Is 13752 a multiple of 16?
False
Does 22 divide 321018?
False
Is 263434 a multiple of 40?
False
Is 206 a factor of 575564?
True
Does 11 divide 190018?
False
Is 16 a factor of 2908240?
True
Does 29 divide 641393?
True
Is 7 a factor of 4605608?
True
Is 3219518 a multiple of 254?
False
Is 438 a factor of 1636368?
True
Is 29 a factor of 2914395?
False
Does 35 divide 626080?
True
Is 85 a factor of 1264617?
False
Is 20643 a multiple of 7?
True
Is 6 a factor of 161058?
True
Does 176 divide 318560?
True
Is 442167 a multiple of 24?
False
Is 45 a factor of 5352300?
True
Does 671 divide 231571?
False
Does 47 divide 294650?
False
Does 186 divide 513732?
True
Is 2661720 a multiple of 64?
False
Does 18 divide 433182?
False
Is 4512937 a multiple of 143?
True
Is 235 a factor of 3039255?
True
Is 65 a factor of 3444285?
True
Does 354 divide 5863447?
False
Is 2871148 a multiple of 14?
True
Does 9 divide 38862?
True
Is 25968 a multiple of 69?
False
Is 265 a factor of 7630175?
False
Is 3 a factor of 8679?
True
Does 276 divide 1064876?
False
Is 175 a factor of 1582190?
False
Does 8 divide 127546?
False
Does 286 divide 123230?
False
Does 7 divide 696661?
True
Does 1043 divide 3025481?
False
Is 1628712 a multiple of 8?
True
Is 196404 a multiple of 12?
True
Is 136802 a multiple of 73?
True
Does 11 divide 9999?
True
Does 95 divide 72492?
False
Does 46 divide 1641014?
False
Does 26 divide 2682836?
True
Does 57 divide 16557?
False
Is 355347 a multiple of 9?
True
Does 6 divide 7748475?
False
Is 46 a factor of 107570?
False
Does 127 divide 12562139?
False
Is 71669 a multiple of 13?
True
Does 43 divide 14233?
True
Does 390 divide 866580?
True
Is 492934 a multiple of 121?
False
Does 419 divide 7617839?
True
Is 3 a factor of 25822?
False
Is 1553174 a multiple of 14?
True
Does 107 divide 1744002?
False
Does 501 divide 208917?
True
Is 180411 a multiple of 21?
True
Does 4 divide 105541?
False
Is 10415315 a multiple of 185?
True
Is 5701613 a multiple of 35?
False
Does 270 divide 1780380?
True
Does 122 divide 100650?
True
Does 601 divide 6969797?
True
Does 17 divide 313480?
True
Is 77493 a multiple of 38?
False
Is 797 a factor of 1707753?
False
Is 437467 a multiple of 316?
False
Does 51 divide 76194?
True
Does 600 divide 3634200?
True
Does 12 divide 3242056?
False
Is 38544 a multiple of 6?
True
Is 28075 a multiple of 17?
False
Is 134 a factor of 98490?
True
Does 31 divide 3462357?
False
Does 641 divide 14196868?
True
Does 9 divide 305361?
True
Is 19 a factor of 3359?
False
Does 57 divide 174078?
True
Is 16 a factor of 11262192?
True
Is 9164694 a multiple of 22?
True
Does 171 divide 697509?
True
Is 7419863 a multiple of 8?
False
Is 3578782 a multiple of 901?
False
Is 7773552 a multiple of 335?
False
Is 1262 a factor of 3738044?
True
Is 2353504 a multiple of 875?
False
Is 669036 a multiple of 12?
True
Is 1309868 a multiple of 326?
True
Does 160 divide 65929?
False
Does 146 divide 338327?
False
Does 16 divide 109936?
True
Does 252 divide 191161?
False
Is 327267 a multiple of 23?
True
Does 4 divide 31692?
True
Is 1037128 a multiple of 6?
False
Is 16431289 a multiple of 79?
True
Is 520138 a multiple of 59?
False
Does 327 divide 90579?
True
Does 79 divide 128533?
True
Is 255358 a multiple of 12?
False
Is 17029 a multiple of 2?
False
Is 4489047 a multiple of 9?
True
Does 15 divide 88725?
True
Is 6078490 a multiple of 28?
False
Does 28 divide 290745?
False
Does 67 divide 967408?
False
Is 7044744 a multiple of 1596?
True
Does 21 divide 29532760?
False
Is 595934 a multiple of 123?
False
Is 1853664 a multiple of 16?
True
Is 292209 a multiple of 257?
True
Is 13 a factor of 8028098?
True
Is 240006 a multiple of 39?
True
Is 2548878 a multiple of 102?
True
Does 49 divide 398696?
False
Does 40 divide 2349520?
True
Is 29955 a multiple of 6?
False
Is 27 a factor of 161142?
False
Is 337536 a multiple of 8?
True
Is 163792 a multiple of 133?
False
Is 257 a factor of 904126?
True
Is 1422102 a multiple of 11?
True
Does 4 divide 888895?
False
Does 4 divide 251075?
False
Does 48 divide 18340194?
False
Does 7 divide 44027?
False
Does 76 divide 45054?
False
Is 898664 a multiple of 13?
True
Is 190 a factor of 276450?
True
Is 7 a factor of 33565?
True
Is 938961 a multiple of 153?
True
Is 10241620 a multiple of 268?
True
Is 201 a factor of 2008428?
False
Is 4978437 a multiple of 167?
True
Does 31 divide 1479606?
False
Is 102 a factor of 3730631?
False
Does 102 divide 186150?
True
Does 7 divide 144487?
True
Is 553 a factor of 17813789?
True
Is 5803630 a multiple of 14?
True
Is 2 a factor of 82042?
True
Does 2 divide 414252?
True
Is 10508 a multiple of 3?
False
Is 65 a factor of 420615?
True
Does 274 divide 2881240?
False
Is 81 a factor of 12585?
False
Is 1981224 a multiple of 56?
True
Is 530 a factor of 9505550?
True
Does 225 divide 74025?
True
Is 23 a factor of 107433?
True
Is 562688 a multiple of 56?
True
Does 2057 divide 13033152?
True
Does 761 divide 842140?
False
Is 53 a factor of 25016?
True
Is 15 a factor of 890790?
True
Is 167 a factor of 26466?
False
Is 43 a factor of 25417925?
False
Is 4 a factor of 18060?
True
Is 253074 a multiple of 31?
False
Is 68 a factor of 107508?
True
Is 20 a factor of 471120?
True
Is 9886259 a multiple of 43?
True
Is 2731509 a multiple of 27?
True
Is 567535 a multiple of 223?
True
Does 39 divide 53664?
True
Does 124 divide 3882068?
True
Is 16 a factor of 29373?
False
Does 9 divide 174411?
True
Is 126 a factor of 3692?
False
Is 220 a factor of 523865?
False
Does 3 divide 8511?
True
Is 1621020 a multiple of 4?
True
Does 71 divide 15932968?
True
Is 70 a factor of 220640?
True
Does 46 divide 737748?
True
Is 10 a factor of 391617?
False
Is 5210437 a multiple of 21?
False
Is 96 a factor of 389062?
False
Is 158166 a multiple of 202?
True
Is 74 a factor of 1158470?
True
Is 20 a factor of 205394?
False
Is 13 a factor of 424977?
False
Is 1670995 a multiple of 45?
False
Is 10 a factor of 2032900?
True
Is 13356594 a multiple of 9?
True
Is 10 a factor of 541703?
False
Does 989 divide 263512?
False
Is 3119060 a multiple of 140?
True
Is 32230 even?
True
Does 3 divide 161271?
True
Does 21 divide 3527517?
True
Is 2498922 a multiple of 18?
True
Does 20 divide 520557?
False
Is 10280975 a multiple of 9?
False
Is 250153 a multiple of 65?
False
Is 18504 a multiple of 3?
True
Does 126 divide 151704?
True
Does 17 divide 54995?
True
Is 18 a factor of 246808?
False
Is 297 a factor of 19462204?
False
Does 8 divide 5847472?
True
Is 16 a factor of 5851?
False
Is 18 a factor of 3234698?
False
Is 63272 a multiple of 4?
True
Is 518732 a multiple of 5?
False
Does 146 divide 102784?
True
Is 61479 a multiple of 294?
False
Is 104650 a multiple of 46?
True
Does 149 divide 539956